{"id":2,"date":"2016-05-10T03:48:21","date_gmt":"2016-05-10T03:48:21","guid":{"rendered":"http:\/\/ulf-forkel.de\/?page_id=2"},"modified":"2018-09-14T16:26:47","modified_gmt":"2018-09-14T16:26:47","slug":"sample-page","status":"publish","type":"page","link":"https:\/\/ulf-forkel.de\/","title":{"rendered":"Home"},"content":{"rendered":"<p>Wir bieten Ihnen die Leistungen der Heizungs- und Sanit\u00e4rtechnik, Dachklempnerei, Elektroinstallation und Badeinrichtung<\/p>\n<p><img decoding=\"async\" loading=\"lazy\" class=\"size-full wp-image-46 aligncenter\" src=\"http:\/\/ulf-forkel.de\/wp-content\/uploads\/2018\/09\/logo_home.jpg\" alt=\"\" width=\"178\" height=\"180\" \/><\/p>\n<p>&nbsp;<\/p>\n<p><span class=\"normal\">Unser Meisterbetrieb ist eingetragen bei<\/span><\/p>\n<ul>\n<li><span class=\"normal\">Innung des Elektroinstallationshandwerkes<\/span><\/li>\n<li><span class=\"normal\">Innung des Klempner-, Sanit\u00e4r-, Heizungs-, L\u00fcftungs- und Klimaanlagenbauer Handwerks Saalfeld, P\u00f6\u00dfneck, Rudolstadt<\/span><\/li>\n<li class=\"normal\">Stadtwerke Saalfeld Netz GmbH<\/li>\n<li class=\"normal\">Zweckverband Wasser Abwasser Saalfeld Rudolstadt<\/li>\n<\/ul>\n","protected":false},"excerpt":{"rendered":"<p>Wir bieten Ihnen die Leistungen der Heizungs- und Sanit\u00e4rtechnik, Dachklempnerei, Elektroinstallation und Badeinrichtung &nbsp; Unser Meisterbetrieb ist eingetragen bei Innung des Elektroinstallationshandwerkes Innung des Klempner-, Sanit\u00e4r-, Heizungs-, L\u00fcftungs- und Klimaanlagenbauer Handwerks Saalfeld, P\u00f6\u00dfneck, Rudolstadt Stadtwerke Saalfeld Netz GmbH Zweckverband Wasser &hellip;<\/p>\n<p class=\"read-more\"> <a class=\"more-link\" href=\"https:\/\/ulf-forkel.de\/\"> <span class=\"screen-reader-text\">Home<\/span> Read More &raquo;<\/a><\/p>\n","protected":false},"author":1,"featured_media":0,"parent":0,"menu_order":0,"comment_status":"closed","ping_status":"open","template":"","meta":[],"_links":{"self":[{"href":"https:\/\/ulf-forkel.de\/index.php?rest_route=\/wp\/v2\/pages\/2"}],"collection":[{"href":"https:\/\/ulf-forkel.de\/index.php?rest_route=\/wp\/v2\/pages"}],"about":[{"href":"https:\/\/ulf-forkel.de\/index.php?rest_route=\/wp\/v2\/types\/page"}],"author":[{"embeddable":true,"href":"https:\/\/ulf-forkel.de\/index.php?rest_route=\/wp\/v2\/users\/1"}],"replies":[{"embeddable":true,"href":"https:\/\/ulf-forkel.de\/index.php?rest_route=%2Fwp%2Fv2%2Fcomments&post=2"}],"version-history":[{"count":4,"href":"https:\/\/ulf-forkel.de\/index.php?rest_route=\/wp\/v2\/pages\/2\/revisions"}],"predecessor-version":[{"id":130,"href":"https:\/\/ulf-forkel.de\/index.php?rest_route=\/wp\/v2\/pages\/2\/revisions\/130"}],"wp:attachment":[{"href":"https:\/\/ulf-forkel.de\/index.php?rest_route=%2Fwp%2Fv2%2Fmedia&parent=2"}],"curies":[{"name":"wp","href":"https:\/\/api.w.org\/{rel}","templated":true}]}}